inder when 126133 is divided by 19?
11
Calculate the remainder when 95157 is divided by 18.
9
What is the remainder when 1306197 is divided by 280?
277
What is the remainder when 411 is divided by 101?
7
What is the remainder when 73299 is divided by 266?
149
What is the remainder when 2481 is divided by 104?
89
What is the remainder when 731 is divided by 366?
365
Calculate the remainder when 155772 is divided by 67.
64
What is the remainder when 37490 is divided by 412?
410
What is the remainder when 12559 is divided by 11?
8
What is the remainder when 218509 is divided by 127?
69
What is the remainder when 75944 is divided by 205?
94
Calculate the remainder when 5775 is divided by 170.
165
What is the remainder when 50464 is divided by 711?
694
Calculate the remainder when 3336 is divided by 1109.
9
What is the remainder when 1065368 is divided by 22?
18
Calculate the remainder when 16943 is divided by 8.
7
Calculate the remainder when 830986 is divided by 1689.
1687
Calculate the remainder when 97624 is divided by 26.
20
Calculate the remainder when 3806 is divided by 600.
206
What is the remainder when 25767 is divided by 3?
0
Calculate the remainder when 707678 is divided by 160.
158
Calculate the remainder when 7499949 is divided by 81.
78
What is the remainder when 69874 is divided by 6?
4
What is the remainder when 35866 is divided by 8965?
6
What is the remainder when 1461 is divided by 182?
5
What is the remainder when 5287 is divided by 2624?
39
Calculate the remainder when 25221 is divided by 135.
111
Calculate the remainder when 68387 is divided by 246.
245
What is the remainder when 1213 is divided by 1080?
133
Calculate the remainder when 9659 is divided by 3210.
29
What is the remainder when 6543 is divided by 1207?
508
Calculate the remainder when 1681 is divided by 1648.
33
What is the remainder when 2970 is divided by 707?
142
Calculate the remainder when 12848 is divided by 188.
64
What is the remainder when 149 is divided by 101?
48
Calculate the remainder when 118649 is divided by 221.
193
Calculate the remainder when 1263 is divided by 711.
552
Calculate the remainder when 143837 is divided by 83.
81
Calculate the remainder when 10880 is divided by 57.
50
What is the remainder when 3043843 is divided by 26?
23
Calculate the remainder when 1150 is divided by 276.
46
What is the remainder when 2090007 is divided by 15?
12
Calculate the remainder when 1388060 is divided by 1824.
1820
What is the remainder when 2139 is divided by 974?
191
Calculate the remainder when 9550 is divided by 79.
70
What is the remainder when 346480 is divided by 86617?
12
Calculate the remainder when 305 is divided by 302.
3
Calculate the remainder when 199379 is divided by 761.
758
Calculate the remainder when 2439 is divided by 2402.
37
What is the remainder when 5298 is divided by 230?
8
Calculate the remainder when 3027 is divided by 269.
68
What is the remainder when 1734 is divided by 80?
54
Calculate the remainder when 5601 is divided by 1120.
1
Calculate the remainder when 55965 is divided by 13989.
9
What is the remainder when 14032 is divided by 52?
44
What is the remainder when 18293 is divided by 26?
15
What is the remainder when 420531 is divided by 549?
546
What is the remainder when 15391 is divided by 358?
355
What is the remainder when 2246 is divided by 98?
90
What is the remainder when 12634 is divided by 970?
24
Calculate the remainder when 216297 is divided by 3666.
3
Calculate the remainder when 6018 is divided by 34.
0
What is the remainder when 1398616 is divided by 18?
16
What is the remainder when 7262703 is divided by 11?
8
Calculate the remainder when 352453 is divided by 89.
13
What is the remainder when 135417 is divided by 45121?
54
What is the remainder when 7238 is divided by 171?
56
Calculate the remainder when 32848 is divided by 16353.
142
What is the remainder when 62529 is divided by 27?
24
What is the remainder when 23634 is divided by 3938?
6
What is the remainder when 346 is divided by 270?
76
What is the remainder when 10108 is divided by 481?
7
Calculate the remainder when 44014 is divided by 8802.
4
What is the remainder when 4842 is divided by 439?
13
What is the remainder when 907 is divided by 452?
3
Calculate the remainder when 3090 is divided by 43.
37
What is the remainder when 53594 is divided by 53534?
60
Calculate the remainder when 353760 is divided by 12634.
8
Calculate the remainder when 1053 is divided by 161.
87
What is the remainder when 7345 is divided by 131?
9
Calculate the remainder when 57987 is divided by 250.
237
Calculate the remainder when 6230 is divided by 890.
0
What is the remainder when 7708 is divided by 451?
41
What is the remainder when 170149 is divided by 11342?
19
What is the remainder when 1296 is divided by 422?
30
Calculate the remainder when 10525 is divided by 3507.
4
What is the remainder when 2040541 is divided by 14?
13
What is the remainder when 1674386 is divided by 117?
116
Calculate the remainder when 7093 is divided by 314.
185
What is the remainder when 6256 is divided by 2080?
16
What is the remainder when 5709 is divided by 10?
9
What is the remainder when 9116 is divided by 1810?
66
Calculate the remainder when 1370209 is divided by 73.
72
Calculate the remainder when 338175 is divided by 1828.
1823
What is the remainder when 4246 is divided by 942?
478
Calculate the remainder when 1626 is divided by 1623.
3
What is the remainder when 4424 is divided by 1376?
296
Calculate the remainder when 3692 is divided by 39.
26
Calculate the remainder when 103774 is divided by 7977.
73
What is the remainder when 83292 is divided by 436?
16
What is the remainder when 1533 is divided by 445?
198
What is the remainder when 34427 is divided by 62?
17
Calculate the remainder when 50248 is divided by 1947.
1573
What is the remainder when 60442 is divided by 18?
16
Calculate the remainder when 3488 is divided by 341.
78
What is the remainder when 3397 is divided by 1256?
885
What is the remainder when 835 is divided by 35?
30
What is the remainder when 12102 is divided by 300?
102
What is the remainder when 3344 is divided by 3333?
11
Calculate the remainder when 3480 is divided by 182.
22
What is the remainder when 1402 is divided by 12?
10
Calculate the remainder when 12177 is divided by 725.
577
What is the remainder when 343461 is divided by 5724?
21
What is the remainder when 687093 is divided by 1898?
17
Calculate the remainder when 131826 is divided by 43928.
42
What is the remainder when 1078009 is divided by 115?
114
Calculate the remainder when 50119 is divided by 23.
2
What is the remainder when 296291 is divided by 98732?
95
What is the remainder when 274501 is divided by 805?
801
What is the remainder when 73837 is divided by 163?
161
Calculate the remainder when 1344 is divided by 272.
256
What is the remainder when 4670 is divided by 1409?
443
Calculate the remainder when 133286 is divided by 12.
2
What is the remainder when 1281 is divided by 418?
27
Calculate the remainder when 76036 is divided by 213.
208
Calculate the remainder when 1814523 is divided by 14.
11
What is the remainder when 2045346 is divided by 409067?
11
What is the remainder when 126970 is divided by 17?
14
Calculate the remainder when 17620 is divided by 5770.
310
What is the remainder when 2147 is divided by 408?
107
Calculate the remainder when 4764 is divided by 44.
12
Calculate the remainder when 131514 is divided by 79.
58
Calculate the remainder when 21531 is divided by 3072.
27
What is the remainder when 145644 is divided by 30?
24
Calculate the remainder when 224 is divided by 27.
8
Calculate the remainder when 1308 is divided by 325.
8
Calculate the remainder when 8710 is divided by 134.
0
What is the remainder when 895250 is divided by 393?
389
Calculate the remainder when 8682 is divided by 50.
32
Calculate the remainder when 285309 is divided by 198.
189
Calculate the remainder when 1322913 is divided by 7.
4
Calculate the remainder when 103387 is divided by 25846.
3
Calculate the remainder when 42496 is divided by 70.
6
Calculate the remainder when 15213 is divided by 2262.
1641
Calculate the remainder when 32721 is divided by 11.
7
What is the remainder when 10184 